= i**3 + 3*i**2 - i - 3. Let t be 10/4*(-18)/15. Let v be j(t). Suppose v = 7*b - 2*b - 150. What is the remainder when b is divided by 11?
8
Suppose -270 = -47*j + 41*j. Suppose 0 = -3*k - k, 3*k - 46 = -2*g. What is the remainder when j is divided by g?
22
Let r(s) = -12*s + 4. Let u(i) = 10*i + 1. Calculate the remainder when r(-3) is divided by u(1).
7
Suppose -2*w + 36 = -68*i + 73*i, 0 = 2*w - 5*i + 4. What is the remainder when (53/1)/(0 + 1) is divided by w?
5
Let i(x) be the second derivative of x**5/20 - x**4/6 + 2*x**3/3 - 3*x**2/2 - x. Calculate the remainder when i(4) is divided by 21*18*34/1071.
9
Suppose -5*u = -7*u + 166. What is the remainder when u is divided by -5 + 1 + -3 - -49?
41
Let y = 4 - 1. Suppose 2*r = 5*r + 5*u + 1, -15 = y*u. What is the remainder when r is divided by 3/(-3) + 2 + 4?
3
Suppose 3*o - 39 = 12*c - 9*c, o + c = 5. Calculate the remainder when 143 is divided by o.
8
Suppose -3*i + i + 136 = 0. What is the remainder when i is divided by 12?
8
Suppose 5*z + 65 = 15. What is the remainder when -1*(-1 + -18 - 2) is divided by z*((-1)/1 + 6/15)?
3
Suppose 140*m = 132*m + 112. What is the remainder when 83 is divided by m?
13
Let t = 224 - 212. Calculate the remainder when 177 is divided by t.
9
Suppose -2*d + 207 + 39 = 0. Let q = 14 - -17. Calculate the remainder when d is divided by q.
30
Let c(f) = -2*f - 4. Let g be c(4). Let s = g - -14. What is the remainder when 2 is divided by s?
0
Calculate the remainder when 18/(-10) - (-25536)/70 is divided by 52.
51
Let d(f) = 4*f**2 - f. Let j be d(1). Suppose -12 = -j*a + 9. Calculate the remainder when 11 is divided by a.
4
Suppose -2*d - 2*c = c - 702, -c + 1414 = 4*d. What is the remainder when d is divided by 17?
14
Suppose 4*v - 279 = -o + 4*o, 3*o = -2*v + 135. Calculate the remainder when 895 is divided by v.
67
Let l(k) = -11*k + 2. Suppose -2*f - 4*s = 10 - 16, 0 = f + 5*s. What is the remainder when l(-1) is divided by f?
3
Let n(i) be the second derivative of i**4/6 - i**3/6 + i**2/2 - 15*i. Suppose w - 3*w + 14 = 0. Calculate the remainder when n(-2) is divided by w.
4
Suppose 5*z - 59 + 34 = 0. Let p = 11 - -1. What is the remainder when p is divided by z?
2
Let q be (-6)/21 - (-3807)/21. Let p = q - 148. Calculate the remainder when p is divided by 4.
1
Let n(v) = -v**3 + 5*v**2 + v + 16. What is the remainder when 89 is divided by n(4)?
17
Suppose 2*g + 8*o - 181 = 9*o, 5*o = -g + 96. Calculate the remainder when g is divided by 24.
19
Let r(q) = 2*q**2 - 11*q + 5. Calculate the remainder when r(7) is divided by ((-3)/(-1))/(2/6).
8
Let r(i) = -i**3 + 17*i**2 - i + 19. Let w be r(17). Suppose w*y + 5*n - 9 = 0, 5*y - 31 = -0*y - 4*n. What is the remainder when 11 is divided by y?
4
Let u = 9 - -1. Suppose u - 62 = 4*r. Let n = r + 22. What is the remainder when n is divided by 5?
4
Let a = 22 - 15. Suppose a*x - 155 - 125 = 0. What is the remainder when 117 is divided by x?
37
Suppose 8*l - 7*l - 20 = 0. Calculate the remainder when 58 is divided by l.
18
Suppose -3*m - 5*x = -106, -m + 62 = -5*x - 0*x. What is the remainder when (2508/48)/((-4)/(-16)) is divided by m?
41
Let i(f) = 8*f**2 + 7*f + 13. Let z be i(-6). Suppose 2*r = 17 + z. Calculate the remainder when r is divided by 28.
26
Let z = -599 + 666. Calculate the remainder when 67 is divided by z.
0
Suppose 4*n - 15*v + 20*v - 590 = 0, 0 = -2*n - 5*v + 300. Calculate the remainder when n is divided by 11.
2
Let l = -5 + 5. Suppose l = s - 3 - 0. Let m(b) = -b**2 + 12*b - 9. What is the remainder when m(10) is divided by s?
2
Let v(s) = -12 + 1 - 5 + 5 + s**2. What is the remainder when v(6) is divided by 7?
4
Suppose -57 = -9*g + 213. What is the remainder when g is divided by 18?
12
Let h be -2 - (-8 - 3/(-1)). Calculate the remainder when 18*h*6/9 is divided by (2 - 0 - -14) + -3.
10
Suppose 3*w = 17*w - 42. What is the remainder when 30 is divided by ((-6)/15)/(-1*w/90)?
6
Suppose -4*z = 8, -5*w + 8*z = 3*z - 60. Suppose w = 5*t - 0*t. Suppose -4*y + 38 = t. Calculate the remainder when 35 is divided by y.
8
Suppose 250*s = 252*s - 48. Let x be 328/(-5) - 2/5. Let u = -20 - x. What is the remainder when u is divided by s?
22
Suppose -84 = -o - 3*o. Suppose -6 + 74 = t. Suppose 0 = 4*a - 88 - t. Calculate the remainder when a is divided by o.
18
Suppose 60 = 4*v + t + 19, 5*t = -5*v + 55. Suppose -5*h - 4 = -7*h. Suppose h*x - 7*x = -30. Calculate the remainder when v is divided by x.
4
What is the remainder when (158 - -7 - 0) + -5 is divided by 36?
16
Suppose 0 = -7*i + 267 + 139. Calculate the remainder when 115 is divided by i.
57
Suppose 2*w = -5*d + 271, 3*d - 57 = 2*d + w. Let v = 7 - 7. Suppose -14 = -l - v. Calculate the remainder when d is divided by l.
13
Let k(s) = -6*s + 5. Suppose -3*i = 4*u - 9, -3*u - 4*i + 0*i = -12. What is the remainder when 37 is divided by k(u)?
2
Suppose -284 = -3*f - 4*t, f - 3*t = -3*f + 387. Suppose -4*w + f = x, -4*x - 20 = 4*w - 116. Calculate the remainder when w is divided by 6.
0
Suppose w = -3*w + 3*i + 97, -4*w - 5*i + 73 = 0. What is the remainder when 38 is divided by w?
16
Let h be (6/4)/(3/180). Let o = h - 48. What is the remainder when o is divided by (11 - 0) + (-1 - -1)?
9
Suppose 4*f + 7 = -5*s, -2*s = f - 3*f - 8. Let v be 13/s*(-4 + 5). Suppose -85 = 8*k - v*k. What is the remainder when k is divided by 6?
5
Let v = 13 - -22. Suppose 0 = -5*h + 20, -o + 4*h + v = 2*o. Calculate the remainder when 44 is divided by o.
10
Suppose 0 = 7*o - 94 + 17. What is the remainder when 29 is divided by o?
7
Suppose -2*y = 2*o - 8, 5*o + 4 = 2*y - y. Suppose 10*a - 3*a = o. What is the remainder when 10 is divided by a + (-2 - (-8)/1)?
4
Let w(a) = -2*a**3 - 5*a**2 - 21*a - 22. What is the remainder when w(-7) is divided by 9?
8
Suppose 5*j + 0 = 20. Let w be (-2 + 4)*(3 + 0 + -2). Suppose -s - w*i + 39 = 0, -j*s + i + 89 = -s. What is the remainder when s is divided by 8?
7
Let c = -78 + 113. Suppose 13 = 2*v - c. What is the remainder when 94 is divided by v?
22
Let o be (-6)/(-12)*(-1 + 25). Suppose 0 = 3*g - o, -v - 3*v = g - 124. Calculate the remainder when 89 is divided by v.
29
Suppose -2*q - 149 + 6 = -s, 0 = s - 5*q - 143. What is the remainder when s is divided by 18?
17
Let h(x) = 6*x - 8. Let n be h(7). Suppose -4*z - n = -3*j, 2*j - 4*j - 4*z = -16. Let f = -29 + 47. Calculate the remainder when f is divided by j.
8
Let f(r) = r**3 - 2*r**2 + 7*r - 6. Calculate the remainder when f(2) is divided by 7.
1
Let g(j) = -j - 5. Let h be g(4). Let t = h + 4. Let n(u) = -u**3 - 3*u**2 - 11. What is the remainder when n(t) is divided by 8?
7
Let p = 27 + -44. Let f = p - 3. What is the remainder when 1/((-1)/f - 0) is divided by 7?
6
Let a(u) = u**2 + 2*u + 25. Suppose 0 = 2*d + 3*d - 25, 2*v - 6 = -2*d. Let y = 9 + v. Calculate the remainder when a(0) is divided by y.
4
Let s = -190 + 275. What is the remainder when s is divided by 44?
41
Let j = -605 + 1055. What is the remainder when j is divided by 44?
10
What is the remainder when (643 - 162) + 2*1 is divided by 33?
21
Suppose 3*v + 5*h - 23 = 0, -2*h = -2*v + 8 + 2. What is the remainder when 51 is divided by v?
3
Let d = -10 - -15. Let z(k) = 3*k - 3 + 0 + 3 + 4. What is the remainder when z(4) is divided by d?
1
Let j = -567 + 299. Let t = -188 - j. Calculate the remainder when t is divided by 28.
24
Let b = 22 - 3. Let n(i) = i**3 + 14*i**2 - 2*i - 18. Let a be n(-14). Calculate the remainder when b is divided by (2 - (-15)/a)*2.
5
Let h(o) = -o - 13. Let v be h(-5). Let j(u) = -u**2 - 12*u - 20. Calculate the remainder when 35 is divided by j(v).
11
Let x(c) = 20*c**3 + 1 - 10*c**3 + 6*c - 3*c**2 - 11*c**3 + 3. What is the remainder when x(-6) is divided by 26?
24
Calculate the remainder when 9 is divided by 15*(36/27 - 1).
4
Suppose -4*u + 45 = -15. Suppose -5*j = -0*j + z - 25, 4*z = -3*j + u. Calculate the remainder when -1 + 30 - (-3 - -3) is divided by j.
4
Let i(f) = 4*f + 202. Calculate the remainder when i(-41) is divided by 21.
17
Suppose 3*r + 238 = 5*g, -5*r + 3*r - 2 = 0. Suppose -3*c = t - g, -2*c + t = -4*t - 20. Suppose 528 = 13*u - u. What is the remainder when u is divided by c?
14
What is the remainder when 13 is divided by (8 - -3) + (77/(-11) - -2)?
